{"id":4349,"date":"2024-10-07T19:50:13","date_gmt":"2024-10-07T19:50:13","guid":{"rendered":"https:\/\/wp.schwertzugvogel.org\/wordpress\/?page_id=4349"},"modified":"2024-10-12T17:25:18","modified_gmt":"2024-10-12T17:25:18","slug":"2024-niederrhein","status":"publish","type":"page","link":"https:\/\/wp.schwertzugvogel.org\/wordpress\/?page_id=4349","title":{"rendered":"2024 Niederrhein"},"content":{"rendered":"<div data-colibri-id=\"4349-c1\" class=\"style-1579 style-local-4349-c1 position-relative\">\n  <!---->\n  <div data-colibri-component=\"section\" data-colibri-id=\"4349-c2\" id=\"custom\" class=\"h-section h-section-global-spacing d-flex align-items-lg-center align-items-md-center align-items-center style-1580 style-local-4349-c2 position-relative\">\n    <!---->\n    <!---->\n    <div class=\"h-section-grid-container h-section-boxed-container\">\n      <!---->\n      <div data-colibri-id=\"4349-c3\" class=\"h-row-container gutters-row-lg-2 gutters-row-md-2 gutters-row-0 gutters-row-v-lg-2 gutters-row-v-md-2 gutters-row-v-2 style-1581 style-local-4349-c3 position-relative\">\n        <!---->\n        <div class=\"h-row justify-content-lg-center justify-content-md-center justify-content-center align-items-lg-stretch align-items-md-stretch align-items-stretch gutters-col-lg-2 gutters-col-md-2 gutters-col-0 gutters-col-v-lg-2 gutters-col-v-md-2 gutters-col-v-2\">\n          <!---->\n          <div class=\"h-column h-column-container d-flex h-col-lg-auto h-col-md-auto h-col-auto style-1582-outer style-local-4349-c4-outer\">\n            <div data-colibri-id=\"4349-c4\" class=\"d-flex h-flex-basis h-column__inner h-px-lg-2 h-px-md-2 h-px-2 v-inner-lg-2 v-inner-md-2 v-inner-2 style-1582 style-local-4349-c4 position-relative\">\n              <!---->\n              <!---->\n              <div class=\"w-100 h-y-container h-column__content h-column__v-align flex-basis-100 align-self-lg-start align-self-md-start align-self-start\">\n                <!---->\n                <div data-colibri-id=\"4349-c5\" class=\"h-global-transition-all h-heading style-1583 style-local-4349-c5 position-relative h-element\">\n                  <!---->\n                  <div class=\"h-heading__outer style-1583 style-local-4349-c5\">\n                    <!---->\n                    <!---->\n                    <h1 class=\"\">28.\/29.09.2024, Niederrheinmeisterschaft, T\u00f6ppersee<\/h1>\n                  <\/div>\n                <\/div>\n                <div data-colibri-id=\"4349-c6\" class=\"h-x-container style-1584 style-local-4349-c6 position-relative h-element\">\n                  <!---->\n                  <div class=\"h-x-container-inner style-dynamic-4349-c6-group style-1584-spacing style-local-4349-c6-spacing\"><span class=\"h-button__outer style-1585-outer style-local-4349-c7-outer d-inline-flex h-element\"><a h-use-smooth-scroll=\"true\" href=\"https:\/\/wp.schwertzugvogel.org\/wordpress\/wp-content\/uploads\/2024\/10\/2024-Niederrhein.pdf\" target=\"_blank\" data-colibri-id=\"4349-c7\" class=\"d-flex w-100 align-items-center h-button justify-content-lg-center justify-content-md-center justify-content-center style-1585 style-local-4349-c7 position-relative\" rel=\"noopener\"><!----><span  class=\"h-svg-icon h-button__icon style-1585-icon style-local-4349-c7-icon\"><!--Icon by Font Awesome (https:\/\/fontawesome.com)-->\n    <svg version=\"1.1\" xmlns=\"http:\/\/www.w3.org\/2000\/svg\" xmlns:xlink=\"http:\/\/www.w3.org\/1999\/xlink\" id=\"star-o\" viewBox=\"0 0 1664 1896.0833\">\n      <path d=\"M1137 1004l306-297-422-62-189-382-189 382-422 62 306 297-73 421 378-199 377 199zm527-357q0 22-26 48l-363 354 86 500q1 7 1 20 0 50-41 50-19 0-40-12l-449-236-449 236q-22 12-40 12-21 0-31.5-14.5T301 1569q0-6 2-20l86-500L25 695Q0 668 0 647q0-37 56-46l502-73L783 73q19-41 49-41t49 41l225 455 502 73q56 9 56 46z\"><\/path>\n    <\/svg><\/span> <span>Ergebnisse<\/span><\/a>\n                    <\/span>\n                  <\/div>\n                <\/div>\n              <\/div>\n            <\/div>\n          <\/div>\n        <\/div>\n      <\/div>\n      <div data-colibri-id=\"4349-c8\" class=\"h-row-container gutters-row-lg-2 gutters-row-md-2 gutters-row-0 gutters-row-v-lg-2 gutters-row-v-md-2 gutters-row-v-2 style-1586 style-local-4349-c8 position-relative\">\n        <!---->\n        <div class=\"h-row justify-content-lg-center justify-content-md-center justify-content-center align-items-lg-stretch align-items-md-stretch align-items-stretch gutters-col-lg-2 gutters-col-md-2 gutters-col-0 gutters-col-v-lg-2 gutters-col-v-md-2 gutters-col-v-2\">\n          <!---->\n          <div class=\"h-column h-column-container d-flex h-col-lg-auto h-col-md-auto h-col-auto style-1587-outer style-local-4349-c9-outer\">\n            <div data-colibri-id=\"4349-c9\" class=\"d-flex h-flex-basis h-column__inner h-px-lg-2 h-px-md-2 h-px-2 v-inner-lg-2 v-inner-md-2 v-inner-2 style-1587 style-local-4349-c9 position-relative\">\n              <!---->\n              <!---->\n              <div class=\"w-100 h-y-container h-column__content h-column__v-align flex-basis-100 align-self-lg-start align-self-md-start align-self-start\">\n                <!---->\n                <div data-colibri-id=\"4349-c10\" class=\"h-text h-text-component style-1588 style-local-4349-c10 position-relative h-element\">\n                  <!---->\n                  <!---->\n                  <div class=\"\">\n                    <p>Niederrheinmeisterschaft&nbsp;der Schwertzugv\u00f6gel 2024 auf dem T\u00f6ppersee<\/p>\n                    <p>\n                      <br>\n                    <\/p>\n                    <p><span style=\"font-weight: 600;\">Segler der Wassersportgemeinschaft Rumeln Kaldenhausen (WRK) dominierten erneut .<\/span><\/p>\n                    <p>\n                      <br>\n                    <\/p>\n                    <p>Das Topevent der heimischen Bootsklasse \u2013 der Schwertzugv\u00f6gel- fand am letzten Wochenende mit der Niederrhein Regatta wieder statt. Die Vereinsflotte der WRK&nbsp;war standesgem\u00e4\u00df mit acht Booten&nbsp;gut vertreten. F\u00fcnf ausw\u00e4rtige\n                      Mannschaften erg\u00e4nzten&nbsp;das Feld auf 13 Teams.<\/p>\n                    <p>Bei einer Windst\u00e4rke von drei bis vier Beaufort&nbsp;und sonniger Wetterlage konnte am Samstag fast um 14 Uhr angeschossen werden , wenn nicht das Startschiff abgetrieben worden w\u00e4re. Der Regattaleiter , Tilo Mertens, hatte&nbsp;aber\n                      schnell den Vorfall wieder im Griff und konnte dann doch zu einem perfekten Start anschie\u00dfen.<\/p>\n                    <p>Hier stellte sich schnell heraus , dass zwei Mannschaften vom benachbarten Segelklub aus Krefeld (KSK)&nbsp;die st\u00e4rksten Herausforderer f\u00fcr unsere Lokalmatadore mit Benjamin Auerbach\/Uwe Horstmann sowie Uwe Groth \/Lukas Dunkel , u.\n                      a. waren. Beim Zieleinlauf schafften es Benni Auerbach und Uwe Horstmann&nbsp;nur mit 50 cm Vorsprung , vor dem Altmeister Manfred Br\u00e4ndle mit Stephanie Gouverneur ,den ersten Platz zu halten. Im&nbsp;&nbsp;Lauf gelang es den erw\u00e4hnten\n                      WRK Seglern schon am Start gut herauszukommen und einen&nbsp;gediegenen Vorsprung auszubauen und bis ins Ziel zu halten. Im dritten Lauf des Tages waren es&nbsp;Thomas Endom mit Daniel Nixdorf&nbsp;(KSK) , die lange das Feld anf\u00fchrten\n                      und erst an der letzten Lee Tonne von unseren WRKlern , nach einem geschickten Vorwindkurs&nbsp;um die Insel , noch eingefangen&nbsp;wurden .<\/p>\n                    <p>Benjamin Auerbach und Uwe Horstmann waren mit drei ersten Pl\u00e4tzen schon&nbsp;Gesamtsieger der Niederrheinmeisterschaft im Schwertzugvogel und gleichzeitig Stadtmeister von Duisburg.&nbsp;&nbsp;&nbsp;&nbsp;<\/p>\n                    <p>Sie brauchten damit auch nicht mehr zum vierten Lauf am Sonntag anzutreten und konnten vor diesem Hintergrund den \u201ebayrischen Abend \u201c&nbsp;, der im Clubhaus der WRK unter diesem Motto arrangiert worden war , schon herzhaft genie\u00dfen.\n                      Allseitiger&nbsp;Gl\u00fcckwunsch zum Erfolg.<\/p>\n                    <p>Der vierte Lauf am Sonntag wurde bei herrlichem Wetter aber schwachen zwei Beaufort Windst\u00e4rke und einem&nbsp;Up and Down&nbsp;-Kurs gestartet. Mit einem frisch angetretenem Franz Nawroth an der Pinne und Lennart Kuhn als Vorschoter\n                      gelang diesen Beiden vom Start weg der Tages Sieg bei zunehmend schw\u00e4chelnden Winden , wobei der Zieleinlauf vor dem Wind erfolgen musste.<\/p>\n                    <p>Vizemeister wurden Manfred Br\u00e4ndle \/Stephanie Gouverneur vom KSK.<\/p>\n                    <p>Die Platzierungen der WRK Teams : 5. Uwe Groth \/Lukas Dunkel&nbsp;&nbsp;6. Markus Kaschuba <em>J\u00f6rg Buschmann ., 7. Jan Rohpeter<\/em> Peter Zander ,9. Martin Gropp\/Sandra Sonntag, 10 . Franz Nawroth\/Lennart Kuhn , 12. Hein Meier \/\n                      Anna K\u00f6llmann. 13. Dirk Michalke \/Renate Jordans Michalke<\/p>\n                    <p>\n                      <br>\n                    <\/p>\n                    <p>Bericht: Pressebericht der WRK, Ingrid Lenders<\/p>\n                  <\/div>\n                <\/div>\n              <\/div>\n            <\/div>\n          <\/div>\n        <\/div>\n      <\/div>\n    <\/div>\n  <\/div>\n<\/div>","protected":false},"excerpt":{"rendered":"<p>28.\/29.09.2024, Niederrheinmeisterschaft, T\u00f6ppersee Ergebnisse Niederrheinmeisterschaft&nbsp;der Schwertzugv\u00f6gel 2024 auf dem T\u00f6ppersee Segler der Wassersportgemeinschaft Rumeln Kaldenhausen (WRK) dominierten erneut . Das Topevent der heimischen Bootsklasse \u2013 der Schwertzugv\u00f6gel- fand am letzten [&hellip;]<\/p>\n","protected":false},"author":1,"featured_media":0,"parent":0,"menu_order":0,"comment_status":"closed","ping_status":"closed","template":"page-templates\/full-width-page.php","meta":{"footnotes":""},"class_list":["post-4349","page","type-page","status-publish","hentry"],"_links":{"self":[{"href":"https:\/\/wp.schwertzugvogel.org\/wordpress\/index.php?rest_route=\/wp\/v2\/pages\/4349","targetHints":{"allow":["GET"]}}],"collection":[{"href":"https:\/\/wp.schwertzugvogel.org\/wordpress\/index.php?rest_route=\/wp\/v2\/pages"}],"about":[{"href":"https:\/\/wp.schwertzugvogel.org\/wordpress\/index.php?rest_route=\/wp\/v2\/types\/page"}],"author":[{"embeddable":true,"href":"https:\/\/wp.schwertzugvogel.org\/wordpress\/index.php?rest_route=\/wp\/v2\/users\/1"}],"replies":[{"embeddable":true,"href":"https:\/\/wp.schwertzugvogel.org\/wordpress\/index.php?rest_route=%2Fwp%2Fv2%2Fcomments&post=4349"}],"version-history":[{"count":3,"href":"https:\/\/wp.schwertzugvogel.org\/wordpress\/index.php?rest_route=\/wp\/v2\/pages\/4349\/revisions"}],"predecessor-version":[{"id":4398,"href":"https:\/\/wp.schwertzugvogel.org\/wordpress\/index.php?rest_route=\/wp\/v2\/pages\/4349\/revisions\/4398"}],"wp:attachment":[{"href":"https:\/\/wp.schwertzugvogel.org\/wordpress\/index.php?rest_route=%2Fwp%2Fv2%2Fmedia&parent=4349"}],"curies":[{"name":"wp","href":"https:\/\/api.w.org\/{rel}","templated":true}]}}